{"id":11,"date":"2019-07-31T15:59:46","date_gmt":"2019-07-31T13:59:46","guid":{"rendered":"https:\/\/champagne-remue-gaspard.com\/boutique\/?post_type=product&#038;p=11"},"modified":"2024-03-13T21:50:11","modified_gmt":"2024-03-13T20:50:11","slug":"champagne-brut","status":"publish","type":"product","link":"https:\/\/champagne-remue-gaspard.com\/boutique\/produit\/champagne-brut\/","title":{"rendered":"Brut"},"content":{"rendered":"<p>Ce champagne est le pilier de notre production. Cette cuv\u00e9e est \u00e9labor\u00e9e \u00e0 partir de 70% de pinot noir et de 30% de chardonnay. Assemblage harmonieux aux ar\u00f4mes fruit\u00e9s. Brut c\u2019est le champagne de toutes les occasions\u2026<\/p>\n","protected":false},"excerpt":{"rendered":"<p>Ce champagne est le pilier de notre production. Cette cuv\u00e9e est \u00e9labor\u00e9e \u00e0 partir de 70% de pinot noir et de 30% de chardonnay. Assemblage harmonieux aux ar\u00f4mes fruit\u00e9s. Brut c\u2019est le champagne de toutes les occasions\u2026<\/p>\n","protected":false},"featured_media":193,"template":"","meta":{"_acf_changed":false},"product_cat":[20],"product_tag":[],"class_list":{"0":"post-11","1":"product","2":"type-product","3":"status-publish","4":"has-post-thumbnail","6":"product_cat-carton-de-6","7":"entry","9":"first","10":"instock","11":"shipping-taxable","12":"purchasable","13":"product-type-simple"},"acf":[],"_links":{"self":[{"href":"https:\/\/champagne-remue-gaspard.com\/boutique\/wp-json\/wp\/v2\/product\/11"}],"collection":[{"href":"https:\/\/champagne-remue-gaspard.com\/boutique\/wp-json\/wp\/v2\/product"}],"about":[{"href":"https:\/\/champagne-remue-gaspard.com\/boutique\/wp-json\/wp\/v2\/types\/product"}],"wp:featuredmedia":[{"embeddable":true,"href":"https:\/\/champagne-remue-gaspard.com\/boutique\/wp-json\/wp\/v2\/media\/193"}],"wp:attachment":[{"href":"https:\/\/champagne-remue-gaspard.com\/boutique\/wp-json\/wp\/v2\/media?parent=11"}],"wp:term":[{"taxonomy":"product_cat","embeddable":true,"href":"https:\/\/champagne-remue-gaspard.com\/boutique\/wp-json\/wp\/v2\/product_cat?post=11"},{"taxonomy":"product_tag","embeddable":true,"href":"https:\/\/champagne-remue-gaspard.com\/boutique\/wp-json\/wp\/v2\/product_tag?post=11"}],"curies":[{"name":"wp","href":"https:\/\/api.w.org\/{rel}","templated":true}]}}